
Is 3029 composite?
True
Is 5087 a composite number?
False
Is 217055 composite?
True
Is 496187 prime?
True
Is 178953 prime?
False
Is 397999 prime?
False
Is 553 prime?
False
Is 311951 a prime number?
True
Is 438115 prime?
False
Is 7153 a composite number?
True
Is 21026 a prime number?
False
Is 1693 composite?
False
Is 5147 composite?
False
Is 262082 a prime number?
False
Is 28715 composite?
True
Is 18701 a prime number?
True
Is 394903 prime?
False
Is 1867 a prime number?
True
Is 464699 prime?
True
Is 1961 a composite number?
True
Is 553931 a composite number?
True
Is 17905 a composite number?
True
Is 953 prime?
True
Is 11283 a prime number?
False
Is 495893 prime?
True
Is 22241 composite?
True
Is 25439 a prime number?
True
Is 1038561 composite?
True
Is 274931 prime?
True
Is 437629 a prime number?
True
Is 4783 a prime number?
True
Is 266757 a prime number?
False
Is 13157 a composite number?
True
Is 90469 prime?
True
Is 109217 prime?
False
Is 473377 a composite number?
False
Is 327749 composite?
True
Is 27817 a composite number?
False
Is 302143 a composite number?
False
Is 20729 prime?
False
Is 1921 composite?
True
Is 35479 a prime number?
False
Is 30161 a composite number?
False
Is 5939 a composite number?
False
Is 65027 a prime number?
True
Is 239521 a prime number?
True
Is 542207 a composite number?
False
Is 136673 prime?
False
Is 36502 a composite number?
True
Is 5041 a prime number?
False
Is 8258 a prime number?
False
Is 2081 a composite number?
False
Is 20047 composite?
False
Is 12799 prime?
True
Is 67957 a prime number?
True
Is 106853 composite?
False
Is 390253 a composite number?
True
Is 294839 a composite number?
True
Is 186917 a composite number?
False
Is 167329 composite?
False
Is 72119 prime?
False
Is 26903 a prime number?
True
Is 44171 prime?
True
Is 4151 a prime number?
False
Is 163 a prime number?
True
Is 28451 prime?
False
Is 978295 a prime number?
False
Is 656003 composite?
True
Is 4699 composite?
True
Is 120169 a prime number?
False
Is 508831 a prime number?
False
Is 21529 composite?
False
Is 56039 composite?
False
Is 16477 a prime number?
True
Is 96423 a prime number?
False
Is 64871 a prime number?
True
Is 25255 a composite number?
True
Is 313961 a composite number?
False
Is 478561 composite?
True
Is 1928929 a prime number?
True
Is 2157 composite?
True
Is 1741 prime?
True
Is 104693 a composite number?
False
Is 8509 composite?
True
Is 31139 a composite number?
False
Is 49139 a composite number?
False
Is 529487 prime?
False
Is 200117 prime?
True
Is 30505 a composite number?
True
Is 27519 a prime number?
False
Is 114299 prime?
True
Is 19094 a prime number?
False
Is 34735 a composite number?
True
Is 15395 composite?
True
Is 9677 a composite number?
False
Is 36433 prime?
True
Is 527 a prime number?
False
Is 170801 composite?
False
Is 42799 composite?
True
Is 3129601 prime?
True
Is 137211 a composite number?
True
Is 2413 a composite number?
True
Is 810883 composite?
True
Is 941 composite?
False
Is 31601 a composite number?
False
Is 35795 a prime number?
False
Is 29287 a prime number?
True
Is 651127 a composite number?
False
Is 3149 a prime number?
False
Is 44845 prime?
False
Is 117939 composite?
True
Is 12391 a prime number?
True
Is 67033 composite?
False
Is 806891 prime?
False
Is 36779 a composite number?
False
Is 1535 composite?
True
Is 5087 a composite number?
False
Is 947987 prime?
True
Is 298993 composite?
False
Is 24709 composite?
False
Is 232477 a composite number?
True
Is 379 a prime number?
True
Is 331 a composite number?
False
Is 3377 prime?
False
Is 871103 composite?
False
Is 317795 a composite number?
True
Is 160423 a prime number?
True
Is 4421 prime?
True
Is 1442437 a prime number?
True
Is 18182 composite?
True
Is 9119 prime?
False
Is 1534957 a composite number?
False
Is 548309 a composite number?
False
Is 2159 a composite number?
True
Is 350503 prime?
True
Is 22433 a prime number?
True
Is 39407 prime?
False
Is 4601 a composite number?
True
Is 20593 prime?
True
Is 233531 composite?
True
Is 223697 prime?
True
Is 23897 prime?
False
Is 5127 prime?
False
Is 27673 a composite number?
False
Is 43597 a composite number?
False
Is 13193 a composite number?
True
Is 454183 a prime number?
True
Is 43711 composite?
False
Is 3263 composite?
True
Is 74773 a prime number?
False
Is 325133 prime?
True
Is 181007 prime?
False
Is 475949 a composite number?
True
Is 4399 a prime number?
False
Is 15559 prime?
True
Is 299111 a composite number?
True
Is 177677 a prime number?
True
Is 364499 prime?
True
Is 27179 a prime number?
True
Is 64481 prime?
False
Is 20573 a composite number?
True
Is 2609 a prime number?
True
Is 50987 a composite number?
True
Is 1457185 a prime number?
False
Is 5681279 prime?
True
Is 14923 a composite number?
False
Is 937966 a prime number?
False
Is 498899 a prime number?
False
Is 83113 a prime number?
False
Is 34103 a composite number?
True
Is 421145 prime?
False
Is 19697 a prime number?
True
Is 1643 a prime number?
False
Is 1207 a composite number?
True
Is 147881 a prime number?
True
Is 1172917 a composite number?
True
Is 25393 prime?
False
Is 47165 prime?
False
Is 224761 a composite number?
True
Is 419845 composite?
True
Is 24901 a prime number?
False
Is 56569 composite?
False
Is 102605 a prime number?
False
Is 182753 a prime number?
False
Is 9957 prime?
False
Is 356441 a composite number?
False
Is 348269 prime?
True
Is 9967 a prime number?
True
Is 331691 a composite number?
False
Is 22471 prime?
False
Is 253309 composite?
True
Is 49721 a prime number?
False
Is 176969 a prime number?
False
Is 299933 composite?
False
Is 6121 composite?
False
Is 937 a prime number?
True
Is 1106881 composite?
False
Is 237137 composite?
False
Is 199919 composite?
True
Is 13829 a composite number?
False
Is 472313 prime?
False
Is 245483 composite?
True
Is 565943 composite?
True
Is 119077 a prime number?
False
Is 2813 prime?
False
Is 2099 a composite number?
False
Is 333383 a composite number?
False
Is 10063 prime?
False
Is 40673 prime?
False
Is 563587 composite?
False
Is 84143 composite?
False
Is 154321 a composite number?
False
Is 145063 a prime number?
True
Is 4341 prime?
False
Is 2237 a prime number?
True
Is 1955801 prime?
True
Is 14261 prime?
False
Is 32063 prime?
True
Is 1007 a composite number?
True
Is 1823 a composite number?
False
Is 18517 a composite number?
False
Is 373 composite?
False
Is 658481 a composite number?
True
Is 9743 prime?
True
Is 477259 a composite number?
False
Is 95701 composite?
False
Is 21011 composite?
False
Is 5287 prime?
False
Is 74551 prime?
True
Is 3389 prime?
True
Is 308899 a composite number?
False
Is 753989 composite?
True
Is 101863 composite?
False
Is 745165 prime?
False
Is 955037 a composite number?
False
Is 81839 composite?
False
Is 354763 a composite number?
False
Is 21283 a composite number?
False
Is 31307 prime?
True
Is 175115 composite?
True
Is 4358 composite?
True
Is 3071 a prime number?
False
Is 631 a prime number?
True
Is 317881 composite?
True
Is 96955 a prime number?
False
Is 74967 a composite number?
True
Is 3425093 composite?
True
Is 467 composite?
False
Is 14051 composite?
False
Is 717 prime?
False
Is 676241 composite?
False
Is 843811 a composite number?
False
Is 194057 composite?
False
Is 19841 a composite number?
False
Is 839 prime?
True
Is 222781 a composite number?
True
Is 565427 composite?
False
Is 19001 a prime number?
True
Is 9029 a prime number?
True
Is 180953 prime?
False
Is 51293 a composite number?
True
Is 955181 a composite number?
True
Is 6707 prime?
False
Is 2927 a prime number?
True
Is 29123 a composite number?
False
Is 3601 a prime number?
False
Is 1000079 a prime number?
False
Is 3314 composite?
True
Is 1602577 prime?
False
Is 3079 prime?
True
Is 1819807 composite?
True
Is 733547 a composite number?
True
Is 247587 composite?
True
Is 157917 composite?
True
Is 6359 composite?
False
Is 28961 prime?
True
Is 18559 a prime number?
False
Is 1578851 a prime number?
True
Is 5219 prime?
False
Is 10427 a prime number?
True
Is 9767 composite?
False
Is 1753 composite?
False
Is 1481 a prime number?
True
Is 1361 prime?
True
Is 13121 composite?
False
Is 1059 prime?
False
Is 115357 prime?
False
Is 441607 a composite number?
False
Is 424239 composite?
True
Is 60035 composite?
True
Is 1151 a